{"text_format":"3","workbook":"xlsx","n_sheets":4,"sheets":["Read me","Register","Dashboard","Validation"],"not_rendered":{"charts":6,"defined_names":10},"read":"whole","date_system":"1900"}

{"sheet":"Read me","index":0,"n_rows":24,"n_cols":1,"rows_kept":24,"merged":[[0,0,4,11],[8,0,8,11],[11,0,12,11],[15,0,16,11],[19,0,20,11],[23,0,24,11]]}
["Read Me"]
[]
[]
[]
[]
[]
[]
["1)"]
["Dear User, thank you for using my template. Please remove sample entries from the register"]
[]
["2)"]
["Usually only cells on the sheet \"Register\" require data-entry. Cells containing formulas or functions are protected, the password is blank should you wish to modify anything."]
[]
[]
["3)"]
["To avoid typing mistakes resulting in incorrect filter results, some entries in different columns of the register are restricted. To modify acceptable values change entries on the sheet \"Validation\"."]
[]
[]
["4)"]
["To avoid typing mistakes resulting in incorrect filter results, entries in some columns are restricted.\nTo modify acceptable values change entries on the sheet \"Supplier\"."]
[]
[]
["5)"]
["To avoid typing mistakes resulting in incorrect filter results, entries in some columns are restricted.\nTo modify acceptable values change entries on the sheet \"Supplier\"."]

{"sheet":"Register","index":1,"n_rows":623,"n_cols":82,"rows_kept":623,"merged":[[9,81,9,89],[10,81,10,89],[11,81,11,89],[12,81,12,89],[13,81,13,89],[14,81,14,89],[15,81,15,89],[16,81,16,89],[17,81,17,89],[37,81,37,89],[38,81,38,89],[39,81,39,89],[40,81,40,89],[41,81,41,89],[42,81,42,89],[43,81,43,89],[44,81,44,89],[45,81,45,89],[46,81,46,89],[47,81,47,89],[48,81,48,89],[49,81,49,89],[50,81,50,89],[51,81,51,89],[52,81,52,89],[53,81,53,89],[54,81,54,89],[55,81,55,89],[56,81,56,89],[57,81,57,89],[58,81,58,89],[59,81,59,89],[60,81,60,89],[61,81,61,89],[62,81,62,89],[63,81,63,89],[64,81,64,89],[65,81,65,89],[66,81,66,89],[67,81,67,89],[68,81,68,89],[69,81,69,89],[70,81,70,89],[71,81,71,89],[72,81,72,89],[73,81,73,89],[74,81,74,89],[75,81,75,89],[76,81,76,89],[77,81,77,89],[78,81,78,89],[79,81,79,89],[80,81,80,89],[81,81,81,89],[82,81,82,89],[83,81,83,89],[84,81,84,89],[85,81,85,89],[86,81,86,89],[87,81,87,89],[88,81,88,89],[89,81,89,89],[90,81,90,89],[91,81,91,89],[92,81,92,89],[93,81,93,89],[94,81,94,89],[95,81,95,89],[96,81,96,89],[97,81,97,89],[98,81,98,89],[99,81,99,89],[100,81,100,89],[101,81,101,89],[102,81,102,89],[103,81,103,89],[104,81,104,89],[105,81,105,89],[106,81,106,89],[107,81,107,89],[108,81,108,89],[109,81,109,89],[110,81,110,89],[111,81,111,89],[112,81,112,89],[113,81,113,89],[114,81,114,89],[115,81,115,89],[116,81,116,89],[117,81,117,89],[118,81,118,89],[119,81,119,89],[120,81,120,89],[121,81,121,89],[122,81,122,89],[123,81,123,89],[124,81,124,89],[125,81,125,89],[126,81,126,89],[127,81,127,89],[128,81,128,89],[129,81,129,89],[130,81,130,89],[131,81,131,89],[132,81,132,89],[133,81,133,89],[134,81,134,89],[135,81,135,89],[136,81,136,89],[137,81,137,89],[138,81,138,89],[139,81,139,89],[140,81,140,89],[141,81,141,89],[142,81,142,89],[143,81,143,89],[144,81,144,89],[145,81,145,89],[146,81,146,89],[147,81,147,89],[148,81,148,89],[149,81,149,89],[150,81,150,89],[151,81,151,89],[152,81,152,89],[153,81,153,89],[154,81,154,89],[155,81,155,89],[156,81,156,89],[157,81,157,89],[158,81,158,89],[159,81,159,89],[160,81,160,89],[161,81,161,89],[162,81,162,89],[163,81,163,89],[164,81,164,89],[165,81,165,89],[166,81,166,89],[167,81,167,89],[168,81,168,89],[169,81,169,89],[170,81,170,89],[171,81,171,89],[172,81,172,89],[173,81,173,89],[174,81,174,89],[175,81,175,89],[176,81,176,89],[177,81,177,89],[178,81,178,89],[179,81,179,89],[180,81,180,89],[181,81,181,89],[182,81,182,89],[183,81,183,89],[184,81,184,89],[185,81,185,89],[186,81,186,89],[187,81,187,89],[188,81,188,89],[189,81,189,89],[190,81,190,89],[191,81,191,89],[192,81,192,89],[193,81,193,89],[194,81,194,89],[195,81,195,89],[196,81,196,89],[197,81,197,89],[198,81,198,89],[199,81,199,89],[200,81,200,89],[201,81,201,89],[202,81,202,89],[203,81,203,89],[204,81,204,89],[205,81,205,89],[206,81,206,89],[207,81,207,89],[208,81,208,89],[209,81,209,89],[210,81,210,89],[211,81,211,89],[212,81,212,89],[213,81,213,89],[214,81,214,89],[215,81,215,89],[216,81,216,89],[217,81,217,89],[218,81,218,89],[219,81,219,89],[220,81,220,89],[221,81,221,89],[222,81,222,89],[223,81,223,89],[224,81,224,89],[225,81,225,89],[226,81,226,89],[227,81,227,89],[228,81,228,89],[229,81,229,89],[230,81,230,89],[231,81,231,89],[232,81,232,89],[233,81,233,89],[234,81,234,89],[235,81,235,89],[236,81,236,89],[237,81,237,89],[238,81,238,89],[239,81,239,89],[240,81,240,89],[241,81,241,89],[242,81,242,89],[243,81,243,89],[244,81,244,89],[245,81,245,89],[246,81,246,89],[247,81,247,89],[248,81,248,89],[249,81,249,89],[250,81,250,89],[251,81,251,89],[252,81,252,89],[253,81,253,89],[254,81,254,89],[255,81,255,89],[256,81,256,89],[257,81,257,89],[258,81,258,89],[259,81,259,89],[260,81,260,89],[261,81,261,89],[262,81,262,89],[263,81,263,89],[264,81,264,89],[265,81,265,89],[266,81,266,89],[267,81,267,89],[268,81,268,89],[269,81,269,89],[270,81,270,89],[271,81,271,89],[272,81,272,89],[273,81,273,89],[274,81,274,89],[275,81,275,89],[276,81,276,89],[277,81,277,89],[278,81,278,89],[279,81,279,89],[280,81,280,89],[281,81,281,89],[282,81,282,89],[283,81,283,89],[284,81,284,89],[285,81,285,89],[286,81,286,89],[287,81,287,89],[288,81,288,89],[289,81,289,89],[290,81,290,89],[291,81,291,89],[292,81,292,89],[293,81,293,89],[294,81,294,89],[295,81,295,89],[296,81,296,89],[297,81,297,89],[298,81,298,89],[299,81,299,89],[300,81,300,89],[301,81,301,89],[302,81,302,89],[303,81,303,89],[304,81,304,89],[305,81,305,89],[306,81,306,89],[307,81,307,89],[308,81,308,89],[309,81,309,89],[310,81,310,89],[311,81,311,89],[312,81,312,89],[313,81,313,89],[314,81,314,89],[315,81,315,89],[316,81,316,89],[317,81,317,89],[318,81,318,89],[319,81,319,89],[320,81,320,89],[321,81,321,89],[322,81,322,89],[323,81,323,89],[324,81,324,89],[325,81,325,89],[326,81,326,89],[327,81,327,89],[328,81,328,89],[329,81,329,89],[330,81,330,89],[331,81,331,89],[332,81,332,89],[333,81,333,89],[334,81,334,89],[335,81,335,89],[336,81,336,89],[337,81,337,89],[338,81,338,89],[339,81,339,89],[340,81,340,89],[341,81,341,89],[342,81,342,89],[343,81,343,89],[344,81,344,89],[345,81,345,89],[346,81,346,89],[347,81,347,89],[348,81,348,89],[349,81,349,89],[350,81,350,89],[351,81,351,89],[352,81,352,89],[353,81,353,89],[354,81,354,89],[355,81,355,89],[356,81,356,89],[357,81,357,89],[358,81,358,89],[359,81,359,89],[360,81,360,89],[361,81,361,89],[362,81,362,89],[363,81,363,89],[364,81,364,89],[365,81,365,89],[366,81,366,89],[367,81,367,89],[368,81,368,89],[369,81,369,89],[370,81,370,89],[371,81,371,89],[372,81,372,89],[373,81,373,89],[374,81,374,89],[375,81,375,89],[376,81,376,89],[377,81,377,89],[378,81,378,89],[379,81,379,89],[380,81,380,89],[381,81,381,89],[382,81,382,89],[383,81,383,89],[384,81,384,89],[385,81,385,89],[386,81,386,89],[387,81,387,89],[388,81,388,89],[389,81,389,89],[390,81,390,89],[391,81,391,89],[392,81,392,89],[393,81,393,89],[394,81,394,89],[395,81,395,89],[396,81,396,89],[397,81,397,89],[398,81,398,89],[399,81,399,89],[400,81,400,89],[401,81,401,89],[402,81,402,89],[403,81,403,89],[404,81,404,89],[405,81,405,89],[406,81,406,89],[407,81,407,89],[408,81,408,89],[409,81,409,89],[410,81,410,89],[411,81,411,89],[412,81,412,89],[413,81,413,89],[414,81,414,89],[415,81,415,89],[416,81,416,89],[417,81,417,89],[418,81,418,89],[419,81,419,89],[420,81,420,89],[421,81,421,89],[422,81,422,89],[423,81,423,89],[424,81,424,89],[425,81,425,89],[426,81,426,89],[427,81,427,89],[428,81,428,89],[429,81,429,89],[430,81,430,89],[431,81,431,89],[432,81,432,89],[433,81,433,89],[434,81,434,89],[435,81,435,89],[436,81,436,89],[437,81,437,89],[438,81,438,89],[439,81,439,89],[440,81,440,89],[441,81,441,89],[442,81,442,89],[443,81,443,89],[444,81,444,89],[445,81,445,89],[446,81,446,89],[447,81,447,89],[448,81,448,89],[449,81,449,89],[450,81,450,89],[451,81,451,89],[452,81,452,89],[453,81,453,89],[454,81,454,89],[455,81,455,89],[456,81,456,89],[457,81,457,89],[458,81,458,89],[459,81,459,89],[460,81,460,89],[461,81,461,89],[462,81,462,89],[463,81,463,89],[464,81,464,89],[465,81,465,89],[466,81,466,89],[467,81,467,89],[468,81,468,89],[469,81,469,89],[470,81,470,89],[471,81,471,89],[472,81,472,89],[473,81,473,89],[474,81,474,89],[475,81,475,89],[476,81,476,89],[477,81,477,89],[478,81,478,89],[479,81,479,89],[480,81,480,89],[481,81,481,89],[482,81,482,89],[483,81,483,89],[484,81,484,89],[485,81,485,89],[486,81,486,89],[487,0,487,1],[487,2,487,4],[487,5,487,8],[487,9,487,15],[487,16,487,28],[487,29,487,46],[487,47,487,52],[487,56,487,58],[487,59,487,60],[487,61,487,67],[487,68,487,70],[487,71,487,72],[487,81,487,89],[488,0,488,1],[488,2,488,4],[488,9,488,15],[488,16,488,28],[488,29,488,46],[488,47,488,52],[488,56,488,58],[488,59,488,60],[488,61,488,67],[488,68,488,70],[488,71,488,72],[488,81,488,89],[489,0,489,1],[489,2,489,4],[489,9,489,15],[489,16,489,28],[489,29,489,46],[489,47,489,52],[489,56,489,58],[489,59,489,60],[489,61,489,67],[489,68,489,70],[489,71,489,72],[489,81,489,89],[490,0,490,1],[490,2,490,4],[490,5,490,8],[490,9,490,15],[490,16,490,28],[490,29,490,46],[490,47,490,52],[490,53,490,55],[490,56,490,58],[490,59,490,60],[490,61,490,67],[490,68,490,70],[490,71,490,72],[490,81,490,89],[491,0,491,1],[491,2,491,4],[491,5,491,8],[491,9,491,15],[491,16,491,28],[491,29,491,46],[491,47,491,52],[491,53,491,55],[491,56,491,58],[491,59,491,60],[491,61,491,67],[491,68,491,70],[491,71,491,72],[491,81,491,89],[492,0,492,1],[492,2,492,4],[492,5,492,8],[492,9,492,15],[492,16,492,28],[492,29,492,46],[492,47,492,52],[492,53,492,55],[492,56,492,58],[492,59,492,60],[492,61,492,67],[492,68,492,70],[492,71,492,72],[492,81,492,89],[493,0,493,1],[493,2,493,4],[493,5,493,8],[493,9,493,15],[493,16,493,28],[493,29,493,46],[493,47,493,52],[493,53,493,55],[493,56,493,58],[493,59,493,60],[493,61,493,67],[493,68,493,70],[493,71,493,72],[493,81,493,89],[494,0,494,1],[494,2,494,4],[494,5,494,8],[494,9,494,15],[494,16,494,28],[494,29,494,46],[494,47,494,52],[494,53,494,55],[494,56,494,58],[494,59,494,60],[494,61,494,67],[494,68,494,70],[494,71,494,72],[494,81,494,89],[495,0,495,1],[495,2,495,4],[495,5,495,8],[495,9,495,15],[495,16,495,28],[495,29,495,46],[495,47,495,52],[495,53,495,55],[495,56,495,58],[495,59,495,60],[495,61,495,67],[495,68,495,70],[495,71,495,72],[495,81,495,89],[496,0,496,1],[496,2,496,4],[496,5,496,8],[496,9,496,15],[496,16,496,28],[496,29,496,46],[496,47,496,52],[496,53,496,55],[496,56,496,58],[496,59,496,60],[496,61,496,67],[496,68,496,70],[496,71,496,72],[496,81,496,89],[497,0,497,1],[497,2,497,4],[497,5,497,8],[497,9,497,15],[497,16,497,28],[497,29,497,46],[497,47,497,52],[497,53,497,55],[497,56,497,58],[497,59,497,60],[497,61,497,67],[497,68,497,70],[497,71,497,72],[497,81,497,89],[498,0,498,1],[498,2,498,4],[498,5,498,8],[498,9,498,15],[498,16,498,28],[498,29,498,46],[498,47,498,52],[498,53,498,55],[498,56,498,58],[498,59,498,60],[498,61,498,67],[498,68,498,70],[498,71,498,72],[498,81,498,89],[499,0,499,1],[499,2,499,4],[499,5,499,8],[499,9,499,15],[499,16,499,28],[499,29,499,46],[499,47,499,52],[499,53,499,55],[499,56,499,58],[499,59,499,60],[499,61,499,67],[499,68,499,70],[499,71,499,72],[499,81,499,89],[500,0,500,1],[500,2,500,4],[500,5,500,8],[500,9,500,15],[500,16,500,28],[500,29,500,46],[500,47,500,52],[500,53,500,55],[500,56,500,58],[500,59,500,60],[500,61,500,67],[500,68,500,70],[500,71,500,72],[500,81,500,89],[501,0,501,1],[501,2,501,4],[501,5,501,8],[501,9,501,15],[501,16,501,28],[501,29,501,46],[501,47,501,52],[501,53,501,55],[501,56,501,58],[501,59,501,60],[501,61,501,67],[501,68,501,70],[501,71,501,72],[501,81,501,89],[502,0,502,1],[502,2,502,4],[502,5,502,8],[502,9,502,15],[502,16,502,28],[502,29,502,46],[502,47,502,52],[502,53,502,55],[502,56,502,58],[502,59,502,60],[502,61,502,67],[502,68,502,70],[502,71,502,72],[502,81,502,89],[503,0,503,1],[503,2,503,4],[503,5,503,8],[503,9,503,15],[503,16,503,28],[503,29,503,46],[503,47,503,52],[503,53,503,55],[503,56,503,58],[503,59,503,60],[503,61,503,67],[503,68,503,70],[503,71,503,72],[503,81,503,89],[504,0,504,1],[504,2,504,4],[504,5,504,8],[504,9,504,15],[504,16,504,28],[504,29,504,46],[504,47,504,52],[504,53,504,55],[504,56,504,58],[504,59,504,60],[504,61,504,67],[504,68,504,70],[504,71,504,72],[504,81,504,89],[505,0,505,1],[505,2,505,4],[505,9,505,15],[505,16,505,28],[505,29,505,46],[505,47,505,52],[505,56,505,58],[505,59,505,60],[505,61,505,67],[505,68,505,70],[505,71,505,72],[505,81,505,89],[506,81,506,89],[507,81,507,89],[508,81,508,89],[509,81,509,89],[510,81,510,89],[511,81,511,89],[512,81,512,89],[513,81,513,89],[514,81,514,89],[515,81,515,89],[516,81,516,89],[517,81,517,89],[518,81,518,89],[519,81,519,89],[520,81,520,89],[521,81,521,89],[522,81,522,89],[523,81,523,89],[524,81,524,89],[525,81,525,89],[526,81,526,89],[527,81,527,89],[528,81,528,89],[529,81,529,89],[530,81,530,89],[531,81,531,89],[532,81,532,89],[533,81,533,89],[534,81,534,89],[535,81,535,89],[536,81,536,89],[537,81,537,89],[538,81,538,89],[539,81,539,89],[540,81,540,89],[541,81,541,89],[542,81,542,89],[543,81,543,89],[544,81,544,89],[545,81,545,89],[546,81,546,89],[547,81,547,89],[548,81,548,89],[549,81,549,89],[550,81,550,89],[551,81,551,89],[552,81,552,89],[553,81,553,89],[554,81,554,89],[555,81,555,89],[556,81,556,89],[557,81,557,89],[558,81,558,89],[559,81,559,89],[560,81,560,89],[561,81,561,89],[562,81,562,89],[563,81,563,89],[564,81,564,89],[565,81,565,89],[566,81,566,89],[567,81,567,89],[568,81,568,89],[569,81,569,89],[570,81,570,89],[571,81,571,89],[572,81,572,89],[573,81,573,89],[574,81,574,89],[575,81,575,89],[576,81,576,89],[577,81,577,89],[578,81,578,89],[579,81,579,89],[580,81,580,89],[581,81,581,89],[582,81,582,89],[583,81,583,89],[584,81,584,89],[585,81,585,89],[586,81,586,89],[587,81,587,89],[588,81,588,89],[589,81,589,89],[590,81,590,89],[591,81,591,89],[592,81,592,89],[593,81,593,89],[594,81,594,89],[595,81,595,89],[596,81,596,89],[597,81,597,89],[598,81,598,89],[599,81,599,89],[600,81,600,89],[601,81,601,89],[602,81,602,89],[603,81,603,89],[604,81,604,89],[605,81,605,89],[606,81,606,89],[607,81,607,89],[608,81,608,89],[609,81,609,89],[610,81,610,89],[611,81,611,89],[612,81,612,89],[613,81,613,89],[614,81,614,89],[615,81,615,89],[616,81,616,89],[617,81,617,89],[618,81,618,89],[619,81,619,89],[620,81,620,89],[621,81,621,89],[622,81,622,89],[623,81,623,89],[624,81,624,89],[625,81,625,89],[626,81,626,89],[627,81,627,89],[628,81,628,89],[629,81,629,89],[630,81,630,89],[631,81,631,89],[632,81,632,89],[633,81,633,89],[634,81,634,89],[635,81,635,89],[636,81,636,89],[637,81,637,89],[638,81,638,89],[639,81,639,89],[640,81,640,89],[641,81,641,89],[642,81,642,89],[643,81,643,89],[644,81,644,89],[645,81,645,89],[646,81,646,89],[647,81,647,89],[648,81,648,89],[649,81,649,89],[650,81,650,89],[651,81,651,89],[652,81,652,89],[653,81,653,89],[654,81,654,89],[655,81,655,89],[656,81,656,89],[657,81,657,89],[658,81,658,89],[659,81,659,89],[660,81,660,89],[661,81,661,89],[662,81,662,89],[663,81,663,89],[664,81,664,89],[665,81,665,89],[666,81,666,89],[667,81,667,89],[668,81,668,89],[669,81,669,89],[670,81,670,89],[671,81,671,89],[672,81,672,89],[673,81,673,89],[674,81,674,89],[675,81,675,89],[676,81,676,89],[677,81,677,89],[678,81,678,89],[679,81,679,89],[680,81,680,89],[681,81,681,89],[682,81,682,89],[683,81,683,89],[684,81,684,89],[685,81,685,89],[686,81,686,89],[687,81,687,89],[688,81,688,89],[689,81,689,89],[690,81,690,89],[691,81,691,89],[692,81,692,89],[693,81,693,89],[694,81,694,89],[695,81,695,89],[696,81,696,89],[697,81,697,89],[698,81,698,89],[699,81,699,89],[700,81,700,89],[701,81,701,89],[702,81,702,89],[703,81,703,89],[704,81,704,89],[705,81,705,89],[706,81,706,89],[707,81,707,89],[708,81,708,89],[709,81,709,89],[710,81,710,89],[711,81,711,89],[712,81,712,89],[713,81,713,89],[714,81,714,89],[715,81,715,89],[716,81,716,89],[717,81,717,89],[718,81,718,89],[719,81,719,89],[720,81,720,89],[721,81,721,89],[722,81,722,89],[723,81,723,89],[724,81,724,89],[725,81,725,89],[726,81,726,89],[727,81,727,89],[728,81,728,89],[729,81,729,89],[730,81,730,89],[731,81,731,89],[732,81,732,89],[733,81,733,89],[734,81,734,89],[735,81,735,89],[736,81,736,89],[737,81,737,89],[738,81,738,89],[739,81,739,89],[740,81,740,89],[741,81,741,89],[742,81,742,89],[743,81,743,89],[744,81,744,89],[745,81,745,89],[746,81,746,89],[747,81,747,89],[748,81,748,89],[749,81,749,89],[750,81,750,89],[751,81,751,89],[752,81,752,89],[753,81,753,89],[754,81,754,89],[755,81,755,89],[756,81,756,89],[757,81,757,89],[758,81,758,89],[759,81,759,89],[760,81,760,89],[761,81,761,89],[762,81,762,89],[763,81,763,89],[764,81,764,89],[765,81,765,89],[766,81,766,89],[767,81,767,89],[768,81,768,89],[769,81,769,89],[770,81,770,89],[771,81,771,89],[772,81,772,89],[773,81,773,89],[774,81,774,89],[775,81,775,89],[776,81,776,89],[777,81,777,89],[778,81,778,89],[779,81,779,89],[780,81,780,89],[781,81,781,89],[782,81,782,89],[783,81,783,89],[784,81,784,89],[785,81,785,89],[786,81,786,89],[787,81,787,89]],"merged_total":55499,"flags":["merged_cut"]}
["Project:",{"$nulls":6},"[Project Name]",{"$nulls":37},"Inspection & Testing Register"]
["Sub-Project or Phase:",{"$nulls":6},"[Sub-Project or Phase]"]
["Client:",{"$nulls":6},"[Client]",{"$nulls":37},"Project Mngr.:",{"$nulls":6},"[Proj. Mngr.]",{"$nulls":15},"Printed on",{"$nulls":6},{"$f":"TODAY()","v":"2015-03-11"}]
["Client's Representative:",{"$nulls":6},"[Client's Representative]",{"$nulls":37},"QA/QC Mngr.:",{"$nulls":6},"[QA/QC Mngr.]"]
["Contractor:",{"$nulls":6},"[Contractor]"]
[{"$nulls":45},"Ref.-No.:",{"$nulls":6},"[ref.number]"]
["ID",null,"Date",null,null,"Type of Inspection",{"$nulls":3},"WBS ID",{"$nulls":6},"ITR No.",{"$nulls":12},"Ref. Document\n(Drawing, MS, Spec. etc.)",{"$nulls":17},"Executor",{"$nulls":5},"Insp. Phase",null,null,"Desired Insp.",{"$nulls":4},"Location",{"$nulls":6},"Insp. On",null,null,"Days",null,"Result",null,null,"Rejection Reason",{"$nulls":4},"Remarks"]
[{"$nulls":56},"Date",null,null,"Time",{"$nulls":16},"Material","Method","Machine","Man","Environm."]
["A",null,"B",null,null,"C",{"$nulls":3},"D",{"$nulls":6},"E",{"$nulls":12},"F",{"$nulls":17},"G",{"$nulls":5},"H",null,null,"I",null,null,"J",null,"K",{"$nulls":6},"L",null,null,"M",null,"N",null,null,"R","S","T","U","V","W"]
[{"v":1,"d":"0001"},null,"2014-08-07",null,null,"Material",{"$nulls":3},"Plaster Sand",{"$nulls":37},"Executor A",{"$nulls":5},"Follow-up",null,null,"2014-08-08",null,null,"08:30:00",null,"Site Warehouse",{"$nulls":6},"2014-08-08",null,null,{"$f":"IF(BQ10=0,\"\",BQ10-BE10)","v":0},null,"Rejected",{"$nulls":5},"X"]
[{"v":2,"d":"0002"},null,"2014-08-19",null,null,"Craftsmanship",{"$nulls":3},"B2-BM-GB-A1:A10",{"$nulls":37},"Executor A",{"$nulls":5},"Initial",null,null,"2014-08-20",null,null,"14:30:00",null,"Location 2",{"$nulls":6},"2014-09-17",null,null,28,null,"Appr. w/c"]
[{"v":3,"d":"0003"},null,"2014-08-19",null,null,"Craftsmanship",{"$nulls":3},"B3-BM-GB-A1:A10",{"$nulls":37},"Executor A",{"$nulls":5},"Final",null,null,"2014-08-22",null,null,"10:00:00",null,"Location 3",{"$nulls":9},"",null,"Rejected",{"$nulls":5},"X"]
[{"v":4,"d":"0004"},null,"2014-09-01",null,null,"Craftsmanship",{"$nulls":3},"B4-BM-GB-A1:A10",{"$nulls":37},"Executor A",{"$nulls":5},"Follow-up",null,null,"2014-09-02",null,null,"08:30:00",null,"Location 4",{"$nulls":6},"2014-09-02",null,null,0,null,"Approved"]
[{"v":5,"d":"0005"},null,"2014-09-01",null,null,"Craftsmanship",{"$nulls":3},"B5-BM-GB-A1:A10",{"$nulls":37},"Executor A",{"$nulls":5},"Initial",null,null,"2014-09-02",null,null,"08:30:00",null,"Location 5",{"$nulls":6},"2014-09-02",null,null,0,null,"Approved"]
[{"v":6,"d":"0006"},null,"2014-09-02",null,null,"Craftsmanship",{"$nulls":3},"B6-BM-GB-A1:A10",{"$nulls":37},"Executor A",{"$nulls":5},"Final",null,null,"2014-09-02",null,null,"10:00:00",null,"Location 6",{"$nulls":6},"2014-09-02",null,null,0,null,"Approved"]
[{"v":7,"d":"0007"},null,"2014-09-02",null,null,"Craftsmanship",{"$nulls":3},"B7-BM-GB-A1:A10",{"$nulls":37},"Executor A",{"$nulls":5},"Follow-up",null,null,"2014-09-03",null,null,"08:30:00",null,"Location 7",{"$nulls":6},"2014-09-03",null,null,0,null,"Approved"]
[{"v":8,"d":"0008"},null,"2014-09-03",null,null,"Craftsmanship",{"$nulls":3},"B8-BM-GB-A1:A10",{"$nulls":37},"Executor A",{"$nulls":5},"Initial",null,null,"2014-09-04",null,null,"08:30:00",null,"Location 8",{"$nulls":6},"2014-09-04",null,null,0,null,"Approved"]
[{"v":9,"d":"0009"},null,"2014-09-04",null,null,"Craftsmanship",{"$nulls":3},"B9-BM-GB-A1:A10",{"$nulls":37},"Executor A",{"$nulls":5},"Final",null,null,"2014-09-05",null,null,"08:30:00",null,"Location 9",{"$nulls":6},"2014-09-05",null,null,0,null,"Approved"]
[{"v":10,"d":"0010"},null,"2014-09-05",null,null,"Craftsmanship",{"$nulls":3},"B1-BM-GB-A1:A10",{"$nulls":37},"Executor A",{"$nulls":5},"Follow-up",null,null,"2014-09-06",null,null,"08:30:00",null,"Off-site",{"$nulls":6},"2014-09-06",null,null,0,null,"Approved"]
[{"v":11,"d":"0011"},null,"2014-09-06",null,null,"Craftsmanship",{"$nulls":3},"B1-BM-GB-A1:A20",{"$nulls":37},"Executor A",{"$nulls":5},"Initial",null,null,"2014-09-08",null,null,"08:30:00",null,"Location 1",{"$nulls":6},"2014-09-08",null,null,0,null,"Appr. w/c"]
[{"v":12,"d":"0012"},null,"2014-09-06",null,null,"Material",{"$nulls":3},"Non-shrink Grout",{"$nulls":37},"Executor A",{"$nulls":5},"Final",null,null,"2014-09-08",null,null,"07:30:00",null,"Site Warehouse",{"$nulls":6},"2014-09-08",null,null,0,null,"Appr. w/c"]
[{"v":13,"d":"0013"},null,"2014-09-08",null,null,"Craftsmanship",{"$nulls":3},"B1-BM-GB-A1:A22",{"$nulls":37},"Executor A",{"$nulls":5},"Follow-up",null,null,"2014-09-09",null,null,"08:30:00",null,"Location 3",{"$nulls":6},"2014-09-09",null,null,0,null,"Rejected",{"$nulls":6},"X"]
[{"v":14,"d":"0014"},null,"2014-09-08",null,null,"Craftsmanship",{"$nulls":3},"B1-BM-GB-A1:A23",{"$nulls":37},"Executor A",{"$nulls":5},"Initial",null,null,"2014-09-09",null,null,"08:30:00",null,"Location 4",{"$nulls":6},"2014-09-09",null,null,0,null,"Rejected",null,null,"X"]
[{"v":15,"d":"0015"},null,"2014-09-08",null,null,"Craftsmanship",{"$nulls":3},"B1-BM-GB-A1:A24",{"$nulls":37},"Executor A",{"$nulls":5},"Final",null,null,"2014-09-09",null,null,"08:30:00",null,"Location 5",{"$nulls":6},"2014-09-09",null,null,0,null,"Rejected",{"$nulls":5},"X"]
[{"v":16,"d":"0016"},null,"2014-09-08",null,null,"Craftsmanship",{"$nulls":3},"B1-BM-GB-B1:B10",{"$nulls":37},"Executor A",{"$nulls":5},"Follow-up",null,null,"2014-09-09",null,null,"08:30:00",null,"Location 6",{"$nulls":6},"2014-09-09",null,null,0,null,"Approved"]
[{"v":17,"d":"0017"},null,"2014-09-08",null,null,"Material",{"$nulls":3},"Cement",{"$nulls":37},"Executor A",{"$nulls":5},"Initial",null,null,"2014-09-09",null,null,"09:00:00",null,"Site Warehouse",{"$nulls":6},"2014-09-09",null,null,0,null,"Approved"]
[{"v":18,"d":"0018"},null,"2014-09-09",null,null,"Craftsmanship",{"$nulls":3},"B2-BM-GB-B1:B10",{"$nulls":37},"Executor A",{"$nulls":5},"Final",null,null,"2014-09-10",null,null,"08:30:00",null,"Location 8",{"$nulls":6},"2014-09-10",null,null,0,null,"Approved"]
[{"v":19,"d":"0019"},null,"2014-09-09",null,null,"Craftsmanship",{"$nulls":3},"B3-BM-GB-B1:B10",{"$nulls":37},"Executor A",{"$nulls":5},"Follow-up",null,null,"2014-09-10",null,null,"08:30:00",null,"Location 9",{"$nulls":6},"2014-09-10",null,null,0,null,"Approved"]
[{"v":20,"d":"0020"},null,"2014-09-09",null,null,"Craftsmanship",{"$nulls":3},"B1-BM-GB-C1:C10",{"$nulls":37},"Executor A",{"$nulls":5},"Initial",null,null,"2014-09-10",null,null,"08:30:00",null,"Off-site",{"$nulls":6},"2014-09-10",null,null,0,null,"Approved"]
[{"v":21,"d":"0021"},null,"2014-09-10",null,null,"Craftsmanship",{"$nulls":3},"B2-BM-GB-C1:C10",{"$nulls":37},"Executor A",{"$nulls":5},"Final",null,null,"2014-09-11",null,null,"08:30:00",null,"Location 1",{"$nulls":6},"2014-09-11",null,null,0,null,"Approved"]
[{"v":22,"d":"0022"},null,"2014-09-10",null,null,"Craftsmanship",{"$nulls":3},"B3-BM-GB-C1:C10",{"$nulls":37},"Executor A",{"$nulls":5},"Follow-up",null,null,"2014-09-11",null,null,"08:30:00",null,"Location 2",{"$nulls":6},"2014-09-11",null,null,0,null,"Approved"]
[{"v":23,"d":"0023"},null,"2014-09-10",null,null,"Craftsmanship",{"$nulls":3},"B1-BM-SL-A1:C10",{"$nulls":37},"Executor A",{"$nulls":5},"Follow-up",null,null,"2014-09-11",null,null,"08:30:00",null,"Location 3",{"$nulls":6},"2014-09-11",null,null,0,null,"Approved"]
[{"v":24,"d":"0024"},null,"2014-09-10",null,null,"Craftsmanship",{"$nulls":41},"Executor A",{"$nulls":5},"Follow-up",null,null,"2014-09-11",null,null,"08:30:00",null,"Location 4",{"$nulls":6},"2014-09-11",null,null,0,null,"Approved"]
[{"v":25,"d":"0025"},null,"2014-09-11",null,null,"Craftsmanship",{"$nulls":41},"Executor A",{"$nulls":5},"Follow-up",null,null,"2014-09-12",null,null,"08:30:00",null,"Location 5",{"$nulls":6},"2014-09-12",null,null,0,null,"Approved"]
[{"v":26,"d":"0026"},null,"2014-09-11",null,null,"Craftsmanship",{"$nulls":41},"Executor A",{"$nulls":5},"Follow-up",null,null,"2014-09-12",null,null,"08:30:00",null,"Location 6",{"$nulls":6},"2014-09-12",null,null,0,null,"Approved"]
[{"v":27,"d":"0027"},null,"2014-09-11",null,null,"Craftsmanship",{"$nulls":41},"Executor A",{"$nulls":5},"Follow-up",null,null,"2014-09-12",null,null,"08:30:00",null,"Location 7",{"$nulls":6},"2014-09-12",null,null,0,null,"Approved"]
[{"v":28,"d":"0028"},null,"2014-09-11",null,null,"Craftsmanship",{"$nulls":41},"Executor A",{"$nulls":5},"Follow-up",null,null,"2014-09-12",null,null,"08:30:00",null,"Location 8",{"$nulls":6},"2014-09-12",null,null,0,null,"Approved"]
[{"v":29,"d":"0029"},null,"2014-09-12",null,null,"Craftsmanship",{"$nulls":41},"Executor A",{"$nulls":5},"Follow-up",null,null,"2014-09-13",null,null,"08:30:00",null,"Location 1",{"$nulls":6},"2014-09-13",null,null,0,null,"Approved"]
[{"v":30,"d":"0030"},null,"2014-09-12",null,null,"Craftsmanship",{"$nulls":41},"Executor A",{"$nulls":5},"Follow-up",null,null,"2014-09-13",null,null,"08:30:00",null,"Off-site",{"$nulls":6},"2014-09-13",null,null,0,null,"Approved"]
[{"v":31,"d":"0031"},null,"2014-09-12",null,null,"Craftsmanship",{"$nulls":41},"Executor A",{"$nulls":5},"Follow-up",null,null,"2014-09-13",null,null,"08:30:00",null,"Location 1",{"$nulls":6},"2014-09-13",null,null,0,null,"Approved"]
[{"v":32,"d":"0032"},null,"2014-09-13",null,null,"Craftsmanship",{"$nulls":41},"Executor A",{"$nulls":5},"Follow-up",null,null,"2014-09-15",null,null,"08:30:00",null,"Location 2",{"$nulls":6},"2014-09-15",null,null,0,null,"Approved"]
[{"v":33,"d":"0033"},null,"2014-09-13",null,null,"Material",{"$nulls":3},"Tiles",{"$nulls":37},"Executor A",{"$nulls":5},"Follow-up",null,null,"2014-09-15",null,null,"08:30:00",null,"Site Warehouse",{"$nulls":6},"2014-09-15",null,null,0,null,"Rejected",{"$nulls":4},"X"]
[{"v":34,"d":"0034"},null,"2014-09-13",null,null,"Craftsmanship",{"$nulls":41},"Executor A",{"$nulls":5},"Follow-up",null,null,"2014-09-15",null,null,"08:30:00",null,"Location 4",{"$nulls":6},"2014-09-15",null,null,0,null,"Rejected",{"$nulls":3},"X"]
[{"v":35,"d":"0035"},null,"2014-09-15",null,null,"Craftsmanship",{"$nulls":41},"Executor A",{"$nulls":5},"Follow-up",null,null,"2014-09-16",null,null,"08:30:00",null,"Location 5",{"$nulls":6},"2014-09-16",null,null,0,null,"Appr. w/c"]
[{"v":36,"d":"0036"},null,"2014-09-15",null,null,"Craftsmanship",{"$nulls":41},"Executor A",{"$nulls":5},"Follow-up",null,null,"2014-09-16",null,null,"08:30:00",null,"Location 6",{"$nulls":9},""]
[{"v":37,"d":"0037"},null,"2014-09-15",null,null,"Craftsmanship",{"$nulls":41},"Executor A",{"$nulls":5},"Follow-up",null,null,"2014-09-16",null,null,"08:30:00",null,"Location 7",{"$nulls":9},""]
[{"v":38,"d":"0038"},null,"2014-09-15",null,null,"Craftsmanship",{"$nulls":41},"Executor A",{"$nulls":5},"Follow-up",null,null,"2014-09-16",null,null,"08:30:00",null,"Location 8",{"$nulls":9},""]
[{"v":39,"d":"0039"},null,"2014-09-16",null,null,"Craftsmanship",{"$nulls":41},"Executor A",{"$nulls":5},"Follow-up",null,null,"2014-09-17",null,null,"08:00:00",null,"Location 9",{"$nulls":9},""]
[{"v":40,"d":"0040"},null,"2014-09-16",null,null,"Craftsmanship",{"$nulls":41},"Executor A",{"$nulls":5},"Follow-up",null,null,"2014-09-17",null,null,"08:30:00",null,"Off-site",{"$nulls":9},""]
[{"$nulls":71},""]
[{"$nulls":71},""]
[{"$nulls":71},""]
[{"$nulls":71},""]
[{"$nulls":71},""]
[{"$nulls":71},""]
[{"$nulls":71},""]
[{"$nulls":71},""]
[{"$nulls":71},""]
[{"$nulls":71},""]
[{"$nulls":71},""]
[{"$nulls":71},""]
[{"$nulls":71},""]
[{"$nulls":71},""]
[{"$nulls":71},""]
[{"$nulls":71},""]
[{"$nulls":71},""]
[{"$nulls":71},""]
[{"$nulls":71},""]
[{"$nulls":71},""]
[{"$nulls":71},""]
[{"$nulls":71},""]
[{"$nulls":71},""]
[{"$nulls":71},""]
[{"$nulls":71},{"$f":"IF(BQ74=0,\"\",BQ74-BE74)","v":""}]
[{"$nulls":71},""]
[{"$nulls":71},""]
[{"$nulls":71},""]
[{"$nulls":71},""]
[{"$nulls":71},""]
[{"$nulls":71},""]
[{"$nulls":71},""]
[{"$nulls":71},""]
[{"$nulls":71},""]
[{"$nulls":71},""]
[{"$nulls":71},""]
[{"$nulls":71},""]
[{"$nulls":71},""]
[{"$nulls":71},""]
[{"$nulls":71},""]
[{"$nulls":71},""]
[{"$nulls":71},""]
[{"$nulls":71},""]
[{"$nulls":71},""]
[{"$nulls":71},""]
[{"$nulls":71},""]
[{"$nulls":71},""]
[{"$nulls":71},""]
[{"$nulls":71},""]
[{"$nulls":71},""]
[{"$nulls":71},""]
[{"$nulls":71},""]
[{"$nulls":71},""]
[{"$nulls":71},""]
[{"$nulls":71},""]
[{"$nulls":71},""]
[{"$nulls":71},""]
[{"$nulls":71},""]
[{"$nulls":71},""]
[{"$nulls":71},""]
[{"$nulls":71},""]
[{"$nulls":71},""]
[{"$nulls":71},""]
[{"$nulls":71},""]
[{"$nulls":71},""]
[{"$nulls":71},""]
[{"$nulls":71},""]
[{"$nulls":71},""]
[{"$nulls":71},""]
[{"$nulls":71},""]
[{"$nulls":71},""]
[{"$nulls":71},""]
[{"$nulls":71},""]
[{"$nulls":71},""]
[{"$nulls":71},""]
[{"$nulls":71},""]
[{"$nulls":71},""]
[{"$nulls":71},""]
[{"$nulls":71},""]
[{"$nulls":71},""]
[{"$nulls":71},""]
[{"$nulls":71},""]
[{"$nulls":71},""]
[{"$nulls":71},""]
[{"$nulls":71},""]
[{"$nulls":71},""]
[{"$nulls":71},""]
[{"$nulls":71},""]
[{"$nulls":71},{"$f":"IF(BQ138=0,\"\",BQ138-BE138)","v":""}]
[{"$nulls":71},""]
[{"$nulls":71},""]
[{"$nulls":71},""]
[{"$nulls":71},""]
[{"$nulls":71},""]
[{"$nulls":71},""]
[{"$nulls":71},""]
[{"$nulls":71},""]
[{"$nulls":71},""]
[{"$nulls":71},""]
[{"$nulls":71},""]
[{"$nulls":71},""]
[{"$nulls":71},""]
[{"$nulls":71},""]
[{"$nulls":71},""]
[{"$nulls":71},""]
[{"$nulls":71},""]
[{"$nulls":71},""]
[{"$nulls":71},""]
[{"$nulls":71},""]
[{"$nulls":71},""]
[{"$nulls":71},""]
[{"$nulls":71},""]
[{"$nulls":71},""]
[{"$nulls":71},""]
[{"$nulls":71},""]
[{"$nulls":71},""]
[{"$nulls":71},""]
[{"$nulls":71},""]
[{"$nulls":71},""]
[{"$nulls":71},""]
[{"$nulls":71},""]
[{"$nulls":71},""]
[{"$nulls":71},""]
[{"$nulls":71},""]
[{"$nulls":71},""]
[{"$nulls":71},""]
[{"$nulls":71},""]
[{"$nulls":71},""]
[{"$nulls":71},""]
[{"$nulls":71},""]
[{"$nulls":71},""]
[{"$nulls":71},""]
[{"$nulls":71},""]
[{"$nulls":71},""]
[{"$nulls":71},""]
[{"$nulls":71},""]
[{"$nulls":71},""]
[{"$nulls":71},""]
[{"$nulls":71},""]
[{"$nulls":71},""]
[{"$nulls":71},""]
[{"$nulls":71},""]
[{"$nulls":71},""]
[{"$nulls":71},""]
[{"$nulls":71},""]
[{"$nulls":71},""]
[{"$nulls":71},""]
[{"$nulls":71},""]
[{"$nulls":71},""]
[{"$nulls":71},""]
[{"$nulls":71},""]
[{"$nulls":71},""]
[{"$nulls":71},{"$f":"IF(BQ202=0,\"\",BQ202-BE202)","v":""}]
[{"$nulls":71},""]
[{"$nulls":71},""]
[{"$nulls":71},""]
[{"$nulls":71},""]
[{"$nulls":71},""]
[{"$nulls":71},""]
[{"$nulls":71},""]
[{"$nulls":71},""]
[{"$nulls":71},""]
[{"$nulls":71},""]
[{"$nulls":71},""]
[{"$nulls":71},""]
[{"$nulls":71},""]
[{"$nulls":71},""]
[{"$nulls":71},""]
[{"$nulls":71},""]
[{"$nulls":71},""]
[{"$nulls":71},""]
[{"$nulls":71},""]
[{"$nulls":71},""]
[{"$nulls":71},""]
[{"$nulls":71},""]
[{"$nulls":71},""]
[{"$nulls":71},""]
[{"$nulls":71},""]
[{"$nulls":71},""]
[{"$nulls":71},""]
[{"$nulls":71},""]
[{"$nulls":71},""]
[{"$nulls":71},""]
[{"$nulls":71},""]
[{"$nulls":71},""]
[{"$nulls":71},""]
[{"$nulls":71},""]
[{"$nulls":71},""]
[{"$nulls":71},""]
[{"$nulls":71},""]
[{"$nulls":71},""]
[{"$nulls":71},""]
[{"$nulls":71},""]
[{"$nulls":71},""]
[{"$nulls":71},""]
[{"$nulls":71},""]
[{"$nulls":71},""]
[{"$nulls":71},""]
[{"$nulls":71},""]
[{"$nulls":71},""]
[{"$nulls":71},""]
[{"$nulls":71},""]
[{"$nulls":71},""]
[{"$nulls":71},""]
[{"$nulls":71},""]
[{"$nulls":71},""]
[{"$nulls":71},""]
[{"$nulls":71},""]
[{"$nulls":71},""]
[{"$nulls":71},""]
[{"$nulls":71},""]
[{"$nulls":71},""]
[{"$nulls":71},""]
[{"$nulls":71},""]
[{"$nulls":71},""]
[{"$nulls":71},""]
[{"$nulls":71},{"$f":"IF(BQ266=0,\"\",BQ266-BE266)","v":""}]
[{"$nulls":71},""]
[{"$nulls":71},""]
[{"$nulls":71},""]
[{"$nulls":71},""]
[{"$nulls":71},""]
[{"$nulls":71},""]
[{"$nulls":71},""]
[{"$nulls":71},""]
[{"$nulls":71},""]
[{"$nulls":71},""]
[{"$nulls":71},""]
[{"$nulls":71},""]
[{"$nulls":71},""]
[{"$nulls":71},""]
[{"$nulls":71},""]
[{"$nulls":71},""]
[{"$nulls":71},""]
[{"$nulls":71},""]
[{"$nulls":71},""]
[{"$nulls":71},""]
[{"$nulls":71},""]
[{"$nulls":71},""]
[{"$nulls":71},""]
[{"$nulls":71},""]
[{"$nulls":71},""]
[{"$nulls":71},""]
[{"$nulls":71},""]
[{"$nulls":71},""]
[{"$nulls":71},""]
[{"$nulls":71},""]
[{"$nulls":71},""]
[{"$nulls":71},""]
[{"$nulls":71},""]
[{"$nulls":71},""]
[{"$nulls":71},""]
[{"$nulls":71},""]
[{"$nulls":71},""]
[{"$nulls":71},""]
[{"$nulls":71},""]
[{"$nulls":71},""]
[{"$nulls":71},""]
[{"$nulls":71},""]
[{"$nulls":71},""]
[{"$nulls":71},""]
[{"$nulls":71},""]
[{"$nulls":71},""]
[{"$nulls":71},""]
[{"$nulls":71},""]
[{"$nulls":71},""]
[{"$nulls":71},""]
[{"$nulls":71},""]
[{"$nulls":71},""]
[{"$nulls":71},""]
[{"$nulls":71},""]
[{"$nulls":71},""]
[{"$nulls":71},""]
[{"$nulls":71},""]
[{"$nulls":71},""]
[{"$nulls":71},""]
[{"$nulls":71},""]
[{"$nulls":71},""]
[{"$nulls":71},""]
[{"$nulls":71},""]
[{"$nulls":71},{"$f":"IF(BQ330=0,\"\",BQ330-BE330)","v":""}]
[{"$nulls":71},""]
[{"$nulls":71},""]
[{"$nulls":71},""]
[{"$nulls":71},""]
[{"$nulls":71},""]
[{"$nulls":71},""]
[{"$nulls":71},""]
[{"$nulls":71},""]
[{"$nulls":71},""]
[{"$nulls":71},""]
[{"$nulls":71},""]
[{"$nulls":71},""]
[{"$nulls":71},""]
[{"$nulls":71},""]
[{"$nulls":71},""]
[{"$nulls":71},""]
[{"$nulls":71},""]
[{"$nulls":71},""]
[{"$nulls":71},""]
[{"$nulls":71},""]
[{"$nulls":71},""]
[{"$nulls":71},""]
[{"$nulls":71},""]
[{"$nulls":71},""]
[{"$nulls":71},""]
[{"$nulls":71},""]
[{"$nulls":71},""]
[{"$nulls":71},""]
[{"$nulls":71},""]
[{"$nulls":71},""]
[{"$nulls":71},""]
[{"$nulls":71},""]
[{"$nulls":71},""]
[{"$nulls":71},""]
[{"$nulls":71},""]
[{"$nulls":71},""]
[{"$nulls":71},""]
[{"$nulls":71},""]
[{"$nulls":71},""]
[{"$nulls":71},""]
[{"$nulls":71},""]
[{"$nulls":71},""]
[{"$nulls":71},""]
[{"$nulls":71},""]
[{"$nulls":71},""]
[{"$nulls":71},""]
[{"$nulls":71},""]
[{"$nulls":71},""]
[{"$nulls":71},""]
[{"$nulls":71},""]
[{"$nulls":71},""]
[{"$nulls":71},""]
[{"$nulls":71},""]
[{"$nulls":71},""]
[{"$nulls":71},""]
[{"$nulls":71},""]
[{"$nulls":71},""]
[{"$nulls":71},""]
[{"$nulls":71},""]
[{"$nulls":71},""]
[{"$nulls":71},""]
[{"$nulls":71},""]
[{"$nulls":71},""]
[{"$nulls":71},{"$f":"IF(BQ394=0,\"\",BQ394-BE394)","v":""}]
[{"$nulls":71},""]
[{"$nulls":71},""]
[{"$nulls":71},""]
[{"$nulls":71},""]
[{"$nulls":71},""]
[{"$nulls":71},""]
[{"$nulls":71},""]
[{"$nulls":71},""]
[{"$nulls":71},""]
[{"$nulls":71},""]
[{"$nulls":71},""]
[{"$nulls":71},""]
[{"$nulls":71},""]
[{"$nulls":71},""]
[{"$nulls":71},""]
[{"$nulls":71},""]
[{"$nulls":71},""]
[{"$nulls":71},""]
[{"$nulls":71},""]
[{"$nulls":71},""]
[{"$nulls":71},""]
[{"$nulls":71},""]
[{"$nulls":71},""]
[{"$nulls":71},""]
[{"$nulls":71},""]
[{"$nulls":71},""]
[{"$nulls":71},""]
[{"$nulls":71},""]
[{"$nulls":71},""]
[{"$nulls":71},""]
[{"$nulls":71},""]
[{"$nulls":71},""]
[{"$nulls":71},""]
[{"$nulls":71},""]
[{"$nulls":71},""]
[{"$nulls":71},""]
[{"$nulls":71},""]
[{"$nulls":71},""]
[{"$nulls":71},""]
[{"$nulls":71},""]
[{"$nulls":71},""]
[{"$nulls":71},""]
[{"$nulls":71},""]
[{"$nulls":71},""]
[{"$nulls":71},""]
[{"$nulls":71},""]
[{"$nulls":71},""]
[{"$nulls":71},""]
[{"$nulls":71},""]
[{"$nulls":71},""]
[{"$nulls":71},""]
[{"$nulls":71},""]
[{"$nulls":71},""]
[{"$nulls":71},""]
[{"$nulls":71},""]
[{"$nulls":71},""]
[{"$nulls":71},""]
[{"$nulls":71},""]
[{"$nulls":71},""]
[{"$nulls":71},""]
[{"$nulls":71},""]
[{"$nulls":71},""]
[{"$nulls":71},""]
[{"$nulls":71},{"$f":"IF(BQ458=0,\"\",BQ458-BE458)","v":""}]
[{"$nulls":71},""]
[{"$nulls":71},""]
[{"$nulls":71},""]
[{"$nulls":71},""]
[{"$nulls":71},""]
[{"$nulls":71},""]
[{"$nulls":71},""]
[{"$nulls":71},""]
[{"$nulls":71},""]
[{"$nulls":71},""]
[{"$nulls":71},""]
[{"$nulls":71},""]
[{"$nulls":71},""]
[{"$nulls":71},""]
[{"$nulls":71},""]
[{"$nulls":71},""]
[{"$nulls":71},""]
[{"$nulls":71},""]
[{"$nulls":71},""]
[{"$nulls":71},""]
[{"$nulls":71},""]
[{"$nulls":71},""]
[{"$nulls":71},""]
[{"$nulls":71},""]
[{"$nulls":71},""]
[{"$nulls":71},""]
[{"$nulls":71},""]
[{"$nulls":71},""]
[{"$nulls":71},""]
[{"$nulls":71},""]
[{"$nulls":71},""]
[{"$nulls":71},""]
[{"$nulls":71},""]
[{"$nulls":71},""]
[{"$nulls":71},""]
[{"$nulls":71},""]
[{"$nulls":71},""]
[{"$nulls":71},""]
[{"$nulls":71},""]
[{"$nulls":71},""]
[{"$nulls":71},""]
[{"$nulls":71},""]
[{"$nulls":71},""]
[{"$nulls":71},""]
[{"$nulls":71},""]
[{"$nulls":71},""]
[{"$nulls":71},""]
[{"$nulls":71},""]
[{"$nulls":71},""]
[{"$nulls":71},""]
[{"$nulls":71},""]
[{"$nulls":71},""]
[{"$nulls":71},""]
[{"$nulls":71},""]
[{"$nulls":71},""]
[{"$nulls":71},""]
[{"$nulls":71},""]
[{"$nulls":71},""]
[{"$nulls":71},""]
[{"$nulls":71},""]
[{"$nulls":71},""]
[{"$nulls":71},""]
[{"$nulls":71},""]
[{"$nulls":71},{"$f":"IF(BQ522=0,\"\",BQ522-BE522)","v":""}]
[{"$nulls":71},""]
[{"$nulls":71},""]
[{"$nulls":71},""]
[{"$nulls":71},""]
[{"$nulls":71},""]
[{"$nulls":71},""]
[{"$nulls":71},""]
[{"$nulls":71},""]
[{"$nulls":71},""]
[{"$nulls":71},""]
[{"$nulls":71},""]
[{"$nulls":71},""]
[{"$nulls":71},""]
[{"$nulls":71},""]
[{"$nulls":71},""]
[{"$nulls":71},""]
[{"$nulls":71},""]
[{"$nulls":71},""]
[{"$nulls":71},""]
[{"$nulls":71},""]
[{"$nulls":71},""]
[{"$nulls":71},""]
[{"$nulls":71},""]
[{"$nulls":71},""]
[{"$nulls":71},""]
[{"$nulls":71},""]
[{"$nulls":71},""]
[{"$nulls":71},""]
[{"$nulls":71},""]
[{"$nulls":71},""]
[{"$nulls":71},""]
[{"$nulls":71},""]
[{"$nulls":71},""]
[{"$nulls":71},""]
[{"$nulls":71},""]
[{"$nulls":71},""]
[{"$nulls":71},""]
[{"$nulls":71},""]
[{"$nulls":71},""]
[{"$nulls":71},""]
[{"$nulls":71},""]
[{"$nulls":71},""]
[{"$nulls":71},""]
[{"$nulls":71},""]
[{"$nulls":71},""]
[{"$nulls":71},""]
[{"$nulls":71},""]
[{"$nulls":71},""]
[{"$nulls":71},""]
[{"$nulls":71},""]
[{"$nulls":71},""]
[{"$nulls":71},""]
[{"$nulls":71},""]
[{"$nulls":71},""]
[{"$nulls":71},""]
[{"$nulls":71},""]
[{"$nulls":71},""]
[{"$nulls":71},""]
[{"$nulls":71},""]
[{"$nulls":71},""]
[{"$nulls":71},""]
[{"$nulls":71},""]
[{"$nulls":71},""]
[{"$nulls":71},{"$f":"IF(BQ586=0,\"\",BQ586-BE586)","v":""}]
[{"$nulls":71},""]
[{"$nulls":71},""]
[{"$nulls":71},""]
[{"$nulls":71},""]
[{"$nulls":71},""]
[{"$nulls":71},""]
[{"$nulls":71},""]
[{"$nulls":71},""]
[{"$nulls":71},""]
[{"$nulls":71},""]
[{"$nulls":71},""]
[{"$nulls":71},""]
[{"$nulls":71},""]
[{"$nulls":71},""]
[{"$nulls":71},""]
[{"$nulls":71},""]
[{"$nulls":71},""]
[{"$nulls":71},""]
[{"$nulls":71},""]
[{"$nulls":71},""]
[{"$nulls":71},""]
[{"$nulls":71},""]
[{"$nulls":71},""]
[{"$nulls":71},""]
[{"$nulls":71},""]
[{"$nulls":71},""]
[{"$nulls":71},""]
[{"$nulls":71},""]
[{"$nulls":71},""]
[{"$nulls":71},""]
[{"$nulls":71},""]
[{"$nulls":71},""]
[{"$nulls":71},""]
[{"$nulls":71},""]
[{"$nulls":71},""]
[{"$nulls":71},""]
[{"$nulls":71},""]

{"sheet":"Dashboard","index":2,"n_rows":44,"n_cols":45,"rows_kept":44,"merged":[[0,0,0,63],[1,0,1,10],[1,11,1,13],[1,33,1,37],[1,38,1,40],[2,0,2,10],[2,11,2,13],[2,33,2,37],[2,38,2,40],[3,0,3,10],[3,11,3,13],[3,33,3,37],[3,38,3,40],[4,0,4,10],[4,11,4,13],[4,33,4,37],[4,38,4,40],[5,0,5,10],[5,11,5,13],[5,33,5,37],[5,38,5,40],[6,0,6,10],[6,11,6,13],[7,0,7,10],[7,11,7,13],[12,0,12,10],[12,11,12,13],[12,33,12,43],[12,44,12,46],[13,0,13,10],[13,11,13,13],[13,33,13,43],[13,44,13,46],[14,0,14,10],[14,11,14,13],[14,33,14,43],[14,44,14,46],[15,0,15,10],[15,11,15,13],[16,0,16,10],[16,11,16,13],[23,0,23,10],[23,11,23,13],[24,0,24,10],[24,11,24,13],[25,0,25,10],[25,11,25,13],[25,71,25,81],[25,82,25,84],[26,0,26,10],[26,11,26,13],[26,71,26,81],[26,82,26,84],[27,0,27,10],[27,11,27,13],[27,71,27,81],[27,82,27,84],[28,0,28,10],[28,11,28,13],[28,71,28,81],[28,82,28,84],[29,0,29,10],[29,11,29,13],[30,0,30,10],[30,11,30,13],[31,0,31,10],[31,11,31,13],[32,0,32,10],[32,11,32,13],[34,0,34,10],[34,11,34,13],[34,14,34,16],[34,17,34,19],[35,0,35,10],[35,11,35,13],[35,14,35,16],[35,17,35,19],[36,0,36,10],[36,11,36,13],[36,14,36,16],[36,17,36,19],[37,0,37,10],[37,11,37,13],[37,14,37,16],[37,17,37,19],[38,0,38,10],[38,11,38,13],[38,14,38,16],[38,17,38,19],[39,0,39,10],[39,11,39,13],[39,14,39,16],[39,17,39,19],[40,0,40,10],[40,11,40,13],[40,14,40,16],[40,17,40,19],[41,0,41,10],[41,11,41,13],[41,14,41,16],[41,17,41,19],[42,0,42,10],[42,11,42,13],[42,14,42,16],[42,17,42,19],[43,0,43,10],[43,11,43,13],[43,14,43,16],[43,17,43,19]]}
[{"$f":"Register!BA6","v":"[ref.number]"}]
["Total ITR",{"$nulls":10},{"$f":"COUNT(Register!A10:A9789)","v":40},{"$nulls":21},{"$f":"Register!BY$8","v":"Material"},{"$nulls":4},{"$f":"COUNTA(Register!BY10:BY9789)","v":1}]
[{"$f":"Validation!G1","v":"Approved"},{"$nulls":10},{"$f":"COUNTIF(Register!$BV$10:$BV$100000,A3)","v":24},{"$nulls":21},{"$f":"Register!BZ$8","v":"Method"},{"$nulls":4},{"$f":"COUNTA(Register!BZ10:BZ9789)","v":1}]
[{"$f":"Validation!G2","v":"Appr. w/c"},{"$nulls":10},{"$f":"COUNTIF(Register!$BV$10:$BV$100000,A4)","v":4},{"$nulls":21},{"$f":"Register!CA$8","v":"Machine"},{"$nulls":4},{"$f":"COUNTA(Register!CA10:CA9789)","v":1}]
[{"$f":"Validation!G3","v":"Rejected"},{"$nulls":10},{"$f":"COUNTIF(Register!$BV$10:$BV$100000,A5)","v":7},{"$nulls":21},"Man",{"$nulls":4},{"$f":"COUNTA(Register!CB10:CB9789)","v":3}]
["Pending",{"$nulls":10},{"$f":"L2-SUM(L3:N5)","v":5},{"$nulls":21},"Environment",{"$nulls":4},{"$f":"COUNTA(Register!CC10:CC9789)","v":1}]
[]
[]
[]
[]
[]
[]
[{"$f":"IF(Validation!E1=\"\",\"\",Validation!E1)","v":"Material"},{"$nulls":10},{"$f":"IF(A13=\"\",\"\",COUNTIF(Register!$F$10:$I$1048576,$A13))","v":4},{"$nulls":21},"Initial",{"$nulls":10},{"$f":"COUNTIF(Register!$BB$10:$BB$1048576,$AH13)","v":7}]
[{"$f":"IF(Validation!E2=\"\",\"\",Validation!E2)","v":"Craftsmanship"},{"$nulls":10},{"$f":"IF(A14=\"\",\"\",COUNTIF(Register!$F$10:$I$1048576,$A14))","v":36},{"$nulls":21},"Follow-up",{"$nulls":10},{"$f":"COUNTIF(Register!$BB$10:$BB$1048576,$AH14)","v":26}]
[{"$f":"IF(Validation!E3=\"\",\"\",Validation!E3)","v":""},{"$nulls":10},{"$f":"IF(A15=\"\",\"\",COUNTIF(Register!$F$10:$I$1048576,$A15))","v":""},{"$nulls":21},"Final",{"$nulls":10},{"$f":"COUNTIF(Register!$BB$10:$BB$1048576,$AH15)","v":7}]
[{"$f":"IF(Validation!E4=\"\",\"\",Validation!E4)","v":""},{"$nulls":10},{"$f":"IF(A16=\"\",\"\",COUNTIF(Register!$F$10:$I$1048576,$A16))","v":""}]
[{"$f":"IF(Validation!E5=\"\",\"\",Validation!E5)","v":""},{"$nulls":10},{"$f":"IF(A17=\"\",\"\",COUNTIF(Register!$F$10:$I$1048576,$A17))","v":""}]
[]
[]
[]
[]
[]
[]
[{"$f":"Validation!C1","v":"Location 1"},{"$nulls":10},{"$f":"COUNTIF(Register!$BJ$10:$BJ$1048576,A24)","v":4}]
[{"$f":"Validation!C2","v":"Location 2"},{"$nulls":10},{"$f":"COUNTIF(Register!$BJ$10:$BJ$1048576,A25)","v":3}]
[{"$f":"Validation!C3","v":"Location 3"},{"$nulls":10},{"$f":"COUNTIF(Register!$BJ$10:$BJ$1048576,A26)","v":3}]
[{"$f":"Validation!C4","v":"Location 4"},{"$nulls":10},{"$f":"COUNTIF(Register!$BJ$10:$BJ$1048576,A27)","v":4}]
[{"$f":"Validation!C5","v":"Location 5"},{"$nulls":10},{"$f":"COUNTIF(Register!$BJ$10:$BJ$1048576,A28)","v":4}]
[{"$f":"Validation!C6","v":"Location 6"},{"$nulls":10},{"$f":"COUNTIF(Register!$BJ$10:$BJ$1048576,A29)","v":4}]
[{"$f":"Validation!C7","v":"Location 7"},{"$nulls":10},{"$f":"COUNTIF(Register!$BJ$10:$BJ$1048576,A30)","v":3}]
[{"$f":"Validation!C8","v":"Location 8"},{"$nulls":10},{"$f":"COUNTIF(Register!$BJ$10:$BJ$1048576,A31)","v":4}]
[{"$f":"Validation!C9","v":"Site Warehouse"},{"$nulls":10},{"$f":"COUNTIF(Register!$BJ$10:$BJ$1048576,A32)","v":4}]
[{"$f":"Validation!C10","v":"Off-Site"},{"$nulls":10},{"$f":"COUNTIF(Register!$BJ$10:$BJ$1048576,A33)","v":4}]
[]
[{"$f":"Validation!C1","v":"Location 1"},{"$nulls":10},{"$f":"L24","v":4},null,null,{"$f":"COUNTIFS(Register!$BV$10:$BV$1048576,Validation!$G$3,Register!$BJ$10:$BJ$1048576,\"=\"&A35)","v":0},null,null,{"$f":"O35/(L35/100)","v":0}]
[{"$f":"Validation!C2","v":"Location 2"},{"$nulls":10},3,null,null,{"$f":"COUNTIFS(Register!$BV$10:$BV$1048576,Validation!$G$3,Register!$BJ$10:$BJ$1048576,\"=\"&A36)","v":0},null,null,{"$f":"O36/(L36/100)","v":0}]
[{"$f":"Validation!C3","v":"Location 3"},{"$nulls":10},3,null,null,{"$f":"COUNTIFS(Register!$BV$10:$BV$1048576,Validation!$G$3,Register!$BJ$10:$BJ$1048576,\"=\"&A37)","v":2},null,null,{"$f":"O37/(L37/100)","v":{"v":66.66666666666667,"d":"67"}}]
[{"$f":"Validation!C4","v":"Location 4"},{"$nulls":10},4,null,null,{"$f":"COUNTIFS(Register!$BV$10:$BV$1048576,Validation!$G$3,Register!$BJ$10:$BJ$1048576,\"=\"&A38)","v":2},null,null,50]
[{"$f":"Validation!C5","v":"Location 5"},{"$nulls":10},4,null,null,{"$f":"COUNTIFS(Register!$BV$10:$BV$1048576,Validation!$G$3,Register!$BJ$10:$BJ$1048576,\"=\"&A39)","v":1},null,null,25]
[{"$f":"Validation!C6","v":"Location 6"},{"$nulls":10},4,null,null,{"$f":"COUNTIFS(Register!$BV$10:$BV$1048576,Validation!$G$3,Register!$BJ$10:$BJ$1048576,\"=\"&A40)","v":0},null,null,0]
[{"$f":"Validation!C7","v":"Location 7"},{"$nulls":10},3,null,null,{"$f":"COUNTIFS(Register!$BV$10:$BV$1048576,Validation!$G$3,Register!$BJ$10:$BJ$1048576,\"=\"&A41)","v":0},null,null,0]
[{"$f":"Validation!C8","v":"Location 8"},{"$nulls":10},4,null,null,{"$f":"COUNTIFS(Register!$BV$10:$BV$1048576,Validation!$G$3,Register!$BJ$10:$BJ$1048576,\"=\"&A42)","v":0},null,null,0]
[{"$f":"Validation!C9","v":"Site Warehouse"},{"$nulls":10},4,null,null,{"$f":"COUNTIFS(Register!$BV$10:$BV$1048576,Validation!$G$3,Register!$BJ$10:$BJ$1048576,\"=\"&A43)","v":2},null,null,50]
[{"$f":"Validation!C10","v":"Off-Site"},{"$nulls":10},4,null,null,{"$f":"COUNTIFS(Register!$BV$10:$BV$1048576,Validation!$G$3,Register!$BJ$10:$BJ$1048576,\"=\"&A44)","v":0},null,null,0]

{"sheet":"Validation","index":3,"n_rows":10,"n_cols":7,"rows_kept":10}
["Executor A",null,"Location 1",null,"Material",null,"Approved"]
["Executor B",null,"Location 2",null,"Craftsmanship",null,"Appr. w/c"]
["Executor C",null,"Location 3",{"$nulls":3},"Rejected"]
["Executor D",null,"Location 4"]
[null,null,"Location 5"]
[null,null,"Location 6"]
[null,null,"Location 7"]
[null,null,"Location 8"]
[null,null,"Site Warehouse"]
[null,null,"Off-Site"]